 the remainder when s is divided by 64.
62
Let s = -2320 - -2326. Suppose 2*j - 5*i = 281, 3*j + 2*j + 4*i = 752. What is the remainder when j is divided by s?
4
Suppose -2*n + 3 + 7 = 0. Let x = -2 + n. Suppose 5*t = -x*j - j + 180, 3*t - 5*j = 71. Calculate the remainder when 95 is divided by t.
31
Let m(o) = 241*o - 1807. Suppose 4*u = 20, -4*s = -2*s + 5*u - 51. Calculate the remainder when m(8) is divided by s.
4
What is the remainder when -75*((-160)/(-30) + -7) is divided by 17?
6
Let g = -620 + 951. What is the remainder when g is divided by 16?
11
Suppose 5*t - c = 430, -t + 62 = -0*t - 5*c. Let v(i) = 0*i**2 + 0 - 18*i + 23 - 3*i**2 - 6 + 34*i**2. What is the remainder when t is divided by v(1)?
27
Suppose 0 = 4*l - 21 + 1. Let y(x) = 3*x - 39. Let h be y(l). What is the remainder when 157 is divided by h/30 + 164/5?
29
Let o(p) be the second derivative of 2*p**3/3 + 5*p**2/2 - 15*p + 2. Calculate the remainder when o(25) is divided by 27.
24
Suppose 4*k + 3*q - 708 = 0, -306 = -5*k - 3*q + 576. Let n = -81 + k. Let b = -29 - -54. Calculate the remainder when n is divided by b.
18
Let r = 2044 - 1910. What is the remainder when r is divided by 58?
18
Suppose -2*o - 3*o = 3*y - 102, -y + 83 = 4*o. Let i(q) = -q**2 + 27*q - 43. Calculate the remainder when i(o) is divided by 42.
41
Suppose -4*n + 16 = 0, 5*f - 1460 - 1959 = 4*n. Calculate the remainder when f is divided by 67.
17
Let m = 135 - -7. Let w(b) = b**3 + 13*b**2 + 14*b + 42. What is the remainder when m is divided by w(-12)?
16
Let l(a) = 17*a**2 - 47*a - 181. Let q be l(-5). Let i = q + -446. What is the remainder when i is divided by 28?
5
Let k be 616/(6 - 10) - (0 + 3). Let w = 190 + k. Calculate the remainder when 33 is divided by w.
0
Suppose -5*b - 58 = -208. Let k = 4863 - 4840. Calculate the remainder when b is divided by k.
7
Suppose 52 = -8*z + 228. Let g = 15 + -12. What is the remainder when -13*g*(-2 - -1)*1 is divided by z?
17
Suppose 0 = -9*t - 5*k + 1300, 5*t - 330 = -3*k + 394. Let a = 2 + 9. Calculate the remainder when t is divided by a.
8
Suppose -3*o = 2*o + 5*c - 280, 0 = 2*o + 3*c - 113. Suppose 7*j - 50 = o. Suppose 13*g - j*g + 82 = 0. What is the remainder when g is divided by 7?
6
Let d = -65627 - -65711. Suppose 0 = 3*s + s - 700. What is the remainder when s is divided by d?
7
Let o(p) = 250*p**2 + 1322*p + 1321. Calculate the remainder when 3988 is divided by o(-1).
4
Let x = 61 - 61. Suppose o + x*s - 41 = -4*s, s + 181 = 4*o. What is the remainder when o is divided by (6/(-9))/((-2)/39)?
6
Let d(r) = 8*r**3 + r**2 + r - 7. Let k(i) = -i**2 - i + 3. Let s be k(0). Calculate the remainder when d(s) is divided by 28.
25
Let q = -18023 + 18058. Calculate the remainder when 2289 is divided by q.
14
Let v(a) = -7 - a + 7 + 4*a - 7. Calculate the remainder when v(14) is divided by 20.
15
Suppose 5*a - 100 = -150. Calculate the remainder when 73 is divided by 42 + (-9)/((-18)/a).
36
Let h = -36835 - -36843. What is the remainder when 35 is divided by h?
3
Let n = 10 - 4. Suppose -200 = m - n*m. Calculate the remainder when 1119/15 + -17 + 957/55 is divided by m.
35
Suppose -2*o + 20 = -y + 2*o, -3*o + 15 = -5*y. Let z be (-9)/(45/1330) + y. Let c = 388 + z. What is the remainder when c is divided by 42?
38
Let f = 47 - 33. Let b(h) = -26*h - 7. Let t(u) = -78*u - 20. Let o(v) = 11*b(v) - 4*t(v). What is the remainder when o(2) is divided by f?
13
Let w(d) = -147*d - 59. Let g be w(-22). What is the remainder when (-4 - g/(-65)) + (-2)/(-13) is divided by 6?
3
Let p be -364*(3 - 100/16). Suppose -8*z + p = 5*z. Suppose -235 = -4*y - y. Calculate the remainder when z is divided by y.
44
Suppose 26*o = 25*o - 2*h + 66, h = 3*o - 44. Suppose -2*i + 173 + 1451 = 0. Calculate the remainder when i is divided by o.
20
Let r = -204 - -238. Suppose x + r*x - 455 = 0. What is the remainder when 44 is divided by x?
5
Let d(s) = 16*s**2 + 4*s - 3. Suppose -78 = -4*u + 182. Calculate the remainder when d(-3) is divided by u.
64
Let v be 36*((1 - 3) + 1). Let h be ((-1)/(1*4))/(v/720). Suppose -3*c = h*c - 160. Calculate the remainder when 54 is divided by c.
14
Suppose 354*t - 120 = 351*t. Suppose 0 = -t*f + 15*f + 2600. What is the remainder when f is divided by 22?
16
Let r = 377 + -376. What is the remainder when 577 is divided by r?
0
Suppose 6*x = -x + 91. Suppose -x*p - 101 = -17*p - v, 2*p - 55 = v. What is the remainder when 49 is divided by p?
23
Let k = 9495 - 9279. What is the remainder when 509 is divided by k?
77
Suppose -9*k + d = -4*k - 105, -4*k + 5*d + 105 = 0. Suppose 0 = -11*a + 1762 + k. Calculate the remainder when a is divided by 33.
30
Let t = 240 + -59. Suppose -c + 196 - t = 0. Calculate the remainder when 119 is divided by c.
14
Suppose s + 3*s = -3*b + 18, -4*b - 20 = -2*s. Suppose 8 = 2*j - 2*y - 2, 5*j + y - 13 = 0. What is the remainder when ((-4)/j)/(-2)*51 is divided by s?
4
Let j(h) = h**3 + 4*h**2 - h - 7. Let a be j(-3). Suppose a*z + 4 = 44. Calculate the remainder when (-1 + 2)/(2380/(-217) + 11) is divided by z.
7
Suppose -537 = -3*s - 10*r + 15*r, s + 4*r - 213 = 0. Let a = -31 - -44. What is the remainder when s is divided by a?
7
Suppose -5*i - 3*q + 2765 = 0, -4*q - 1871 = -4*i + 341. Calculate the remainder when i is divided by 425.
128
Let p(q) = 2*q**2 - 14*q - 1536. What is the remainder when p(-38) is divided by 234?
12
Let u(f) = 6*f**2 - 641*f - 3168. What is the remainder when u(-5) is divided by 36?
7
Suppose 7*j - 995 = -351. Suppose -3*n + 8*n = -5*v + 15, -2 = 2*v. Calculate the remainder when j is divided by n/5 - 364/(-20).
16
Let l = 8 - 4. Suppose 2*a - 150 = -l*y, y - 6*y + 5*a = -225. Suppose 2*u - 20*z + 25*z = 10, 2*z + 8 = 0. What is the remainder when y is divided by u?
10
Let i = 3603 - 3512. What is the remainder when 270 is divided by i?
88
Let c(v) = -2*v**2 + 155*v - 2. What is the remainder when c(71) is divided by 13?
11
Suppose 30 + 9 = s. What is the remainder when s is divided by 1025/(-533)*-13 - 4/2?
16
Let s(l) = l**3 + 12*l**2 + 8*l - 12. Let a be 25 + (-2 - (3 - 8)) - 4. Calculate the remainder when 3453/a + 8/64 is divided by s(-11).
18
Let n be -12 - ((1 - -1) + -5 - 1). Let q = 14 + n. Suppose -q*r + 2*y = -3*r - 592, 761 = 4*r + 3*y. What is the remainder when r is divided by 39?
38
Suppose -34*k - 286 = 54. Let g(l) = -6*l + 40. Calculate the remainder when g(k) is divided by 13.
9
Calculate the remainder when (-45)/(-3)*16/3 is divided by (-339)/(-12) + 36/(-144).
24
Let h(l) = 81*l + 204. Let d be h(-4). What is the remainder when 199 is divided by d/(-14)*(504/(-27))/(-4)?
39
Let y(h) = h**2 - 8*h + 2. Let k be y(7). Let z = k + 52. Suppose 36*j - 828 = 27*j. What is the remainder when j is divided by z?
45
Let s = 124 + -61. Suppose -16 = -2*l - 2*k + 8, -5*k - 30 = -4*l. Suppose -6 - l = -p. Calculate the remainder when s is divided by p.
15
What is the remainder when (-30)/(-75)*475 + 6 is divided by 45?
16
Let c(d) = 19*d - 5. Let f be c(3). Suppose -24*p + 22*p = -f. What is the remainder when p is divided by 15?
11
Suppose -2*d + 23 = -3*k, -k + 17 = -2*d - 6*k. Calculate the remainder when (-2*8/12)/(d/(-279)) is divided by 32.
29
Let y = -13562 + 13688. What is the remainder when 2401 is divided by y?
7
Suppose -2*x + 24 = -64. Suppose 19*b + 4658 = -852. Let j = -278 - b. What is the remainder when x is divided by j?
8
Let g(k) = 22*k - 271. Let z(v) = 6*v. Calculate the remainder when g(13) is divided by z(1).
3
Let z(u) = 2*u**2 + 51*u - 249. What is the remainder when 590 is divided by z(-30)?
2
Let i be (-27)/36 - (-71)/4. Suppose -i = -4*n - 5. Suppose -520 = -n*v - v. Calculate the remainder when v is divided by 33.
31
Let c(d) = 3*d**2 - 88*d + 614. What is the remainder when c(7) is divided by 11?
2
Suppose 7 = h - 7. Suppose -560 = 17*o - 33*o. What is the remainder when o is divided by h?
7
Suppose 3*b - 145 = -u, -3*b - b + 198 = 6*u. Calculate the remainder when 189 is divided by b.
45
Suppose -290*o + 295*o - 2*c = 25, -2*o - 3*c + 29 = 0. What is the remainder when 39 is divided by o?
4
Suppose -i + 160 = 3*r, 4*r - 340 + 105 = 3*i. Let d = 20168 - 20155. Calculate the remainder when r is divided by d.
3
Let l = -19227 + 19327. Calculate the remainder